{"version":"1.0","type":"rich","width":"560px","height":"140px","title":"#47 Zwischen Werft und Wandel \u2013 Stimmen aus Mecklenburg-Vorpommern - Mecklenburg-Vorpommern - ein Bundesland zwischen Strukturwandel, Fachkr\u00e4ftemangel und gesellschaftlichem Umbruch. In dieser Folge des K\u00fcstentalks spricht Daniel Friedrich mit Michaela Specht (ThyssenKrupp Marine Systems, Wismar) und Thomas L\u00fcbbert (B","url":"https:\/\/podlove.brwahl.jetzt\/wordpress\/index.php\/2025\/07\/31\/47-zwischen-werft-und-wandel-stimmen-aus-mecklenburg-vorpommern\/","author_name":"K\u00dcSTENTALK - zu Gast bei Daniel Friedrich","author_url":"https:\/\/podlove.brwahl.jetzt\/wordpress","thumbnail_url":"https:\/\/podlove.brwahl.jetzt\/wordpress\/wp-content\/uploads\/KustenTalk-3000px.png","html":"<iframe width=\"560px\" height=\"140px\" src=\"https:\/\/podlove.brwahl.jetzt\/wordpress\/index.php\/2025\/07\/31\/47-zwischen-werft-und-wandel-stimmen-aus-mecklenburg-vorpommern\/?standalonePlayer\"><\/iframe>"}

#47 Zwischen Werft und Wandel – Stimmen aus Mecklenburg-Vorpommern - Mecklenburg-Vorpommern - ein Bundesland zwischen Strukturwandel, Fachkräftemangel und gesellschaftlichem Umbruch. In dieser Folge des Küstentalks spricht Daniel Friedrich mit Michaela Specht (ThyssenKrupp Marine Systems, Wismar) und Thomas Lübbert (B

KÜSTENTALK - zu Gast bei Daniel Friedrich
