{"version":"1.0","type":"rich","width":"560px","height":"140px","title":"#44 Kathi Lange - Sieg gegen Diskriminierung von Teilzeitbesch\u00e4ftigten - Dass eine Klage gegen Ungerechtigkeit im eigenen Betrieb eine gewichtige Rolle in den k\u00fcnftigen M+E-Tarifverhandlungen spielen w\u00fcrde, h\u00e4tte wohl niemand gedacht. ","url":"https:\/\/podlove.brwahl.jetzt\/wordpress\/index.php\/2025\/03\/06\/44-kathi-lange-sieg-gegen-diskriminierung-von-teilzeitbeschaftigten\/","author_name":"K\u00dcSTENTALK - zu Gast bei Daniel Friedrich","author_url":"https:\/\/podlove.brwahl.jetzt\/wordpress","thumbnail_url":"https:\/\/podlove.brwahl.jetzt\/wordpress\/wp-content\/uploads\/KustenTalk-3000px.png","html":"<iframe width=\"560px\" height=\"140px\" src=\"https:\/\/podlove.brwahl.jetzt\/wordpress\/index.php\/2025\/03\/06\/44-kathi-lange-sieg-gegen-diskriminierung-von-teilzeitbeschaftigten\/?standalonePlayer\"><\/iframe>"}

#44 Kathi Lange - Sieg gegen Diskriminierung von Teilzeitbeschäftigten - Dass eine Klage gegen Ungerechtigkeit im eigenen Betrieb eine gewichtige Rolle in den künftigen M+E-Tarifverhandlungen spielen würde, hätte wohl niemand gedacht.

KÜSTENTALK - zu Gast bei Daniel Friedrich
