{"version":"1.0","type":"rich","width":"560px","height":"140px","title":"#35 Wandel ist weiblich - Seit dem letzten Gewerkschaftstag haben wir nun auch in der IG Metall eine weibliche F\u00fchrung. Dass das heute immer noch nicht selbstverst\u00e4ndlich ist, zeigt die Datenlage, obwohl der internationale Frauentag schon \u00fcber hundert Jahre existiert. F\u00fcr uns ein Grund, die aktuelle Situation noch mal genau zu beleuchten. ","url":"https:\/\/podlove.brwahl.jetzt\/wordpress\/index.php\/2024\/03\/06\/35-wandel-ist-weiblich\/","author_name":"K\u00dcSTENTALK - zu Gast bei Daniel Friedrich","author_url":"https:\/\/podlove.brwahl.jetzt\/wordpress","thumbnail_url":"https:\/\/podlove.brwahl.jetzt\/wordpress\/wp-content\/uploads\/KustenTalk-3000px.png","html":"<iframe width=\"560px\" height=\"140px\" src=\"https:\/\/podlove.brwahl.jetzt\/wordpress\/index.php\/2024\/03\/06\/35-wandel-ist-weiblich\/?standalonePlayer\"><\/iframe>"}

#35 Wandel ist weiblich - Seit dem letzten Gewerkschaftstag haben wir nun auch in der IG Metall eine weibliche Führung. Dass das heute immer noch nicht selbstverständlich ist, zeigt die Datenlage, obwohl der internationale Frauentag schon über hundert Jahre existiert. Für uns ein Grund, die aktuelle Situation noch mal genau zu beleuchten.

KÜSTENTALK - zu Gast bei Daniel Friedrich
