{"version":"1.0","type":"rich","width":"560px","height":"140px","title":"#28 Diesmal aus S\u00fcdafrika: Internationale Gewerkschaftsarbeit  - Der K\u00fcstentalk diesmal aus S\u00fcdafrika vom Kongress der IndustrieAll. Daniel Friedrich diskutiert mit Kathrin Sch\u00e4fers, Internationale Abteilung der IG Metall, und Jonas Giese, Mitglied im Bezirksjugendausschuss: Was k\u00f6nnen wir Gewerkschaften gemeinsam tun, um die Welt gerechter und besser zu mache?","url":"https:\/\/podlove.brwahl.jetzt\/wordpress\/index.php\/2023\/06\/27\/28-diesmal-aus-sudafrika-internationale-gewerkschaftsarbeit\/","author_name":"K\u00dcSTENTALK - zu Gast bei Daniel Friedrich","author_url":"https:\/\/podlove.brwahl.jetzt\/wordpress","thumbnail_url":"https:\/\/podlove.brwahl.jetzt\/wordpress\/wp-content\/uploads\/KustenTalk-3000px.png","html":"<iframe width=\"560px\" height=\"140px\" src=\"https:\/\/podlove.brwahl.jetzt\/wordpress\/index.php\/2023\/06\/27\/28-diesmal-aus-sudafrika-internationale-gewerkschaftsarbeit\/?standalonePlayer\"><\/iframe>"}

#28 Diesmal aus Südafrika: Internationale Gewerkschaftsarbeit  - Der Küstentalk diesmal aus Südafrika vom Kongress der IndustrieAll. Daniel Friedrich diskutiert mit Kathrin Schäfers, Internationale Abteilung der IG Metall, und Jonas Giese, Mitglied im Bezirksjugendausschuss: Was können wir Gewerkschaften gemeinsam tun, um die Welt gerechter und besser zu mache?

KÜSTENTALK - zu Gast bei Daniel Friedrich
