{"version":"1.0","type":"rich","width":"560px","height":"140px","title":"#26 BR-Wahlen, Tarifrunde M+E, Streiks bei Vestas: R\u00fcckblick 22 - Betriebsratswahlen, Tarifrunde in der Metall- und Elektroindustrie, Auseinandersetzung um einen Tarifvertrag beim Windanlagenhersteller Vestas: In der neuen und letzten K\u00fcstentalk-Folge f\u00fcr 2022 schauen wir auf das Jahr aus gewerkschaftlicher Sicht zur\u00fcck.","url":"https:\/\/podlove.brwahl.jetzt\/wordpress\/index.php\/2022\/12\/19\/26-br-wahlen-tarifrunde-me-streiks-bei-vestas-ruckblick-22\/","author_name":"K\u00dcSTENTALK - zu Gast bei Daniel Friedrich","author_url":"https:\/\/podlove.brwahl.jetzt\/wordpress","thumbnail_url":"https:\/\/podlove.brwahl.jetzt\/wordpress\/wp-content\/uploads\/KustenTalk-3000px.png","html":"<iframe width=\"560px\" height=\"140px\" src=\"https:\/\/podlove.brwahl.jetzt\/wordpress\/index.php\/2022\/12\/19\/26-br-wahlen-tarifrunde-me-streiks-bei-vestas-ruckblick-22\/?standalonePlayer\"><\/iframe>"}

#26 BR-Wahlen, Tarifrunde M+E, Streiks bei Vestas: Rückblick 22 - Betriebsratswahlen, Tarifrunde in der Metall- und Elektroindustrie, Auseinandersetzung um einen Tarifvertrag beim Windanlagenhersteller Vestas: In der neuen und letzten Küstentalk-Folge für 2022 schauen wir auf das Jahr aus gewerkschaftlicher Sicht zurück.

KÜSTENTALK - zu Gast bei Daniel Friedrich
