{"version":"1.0","type":"rich","width":"560px","height":"140px","title":"#23 Ver\u00e4nderungspromotor*innen - Die IG Metall im Betrieb st\u00e4rken: \u00dcber Projekte dazu spricht  IG Metall-Bezirksleiter Daniel Friedrich im neuen K\u00fcstentalk mit Lukas Eichelberg (Mercedes Benz Werk Bremen), Maike R\u00fcbke (Siemens Gamesa Renewable Energy) und Susanne Hadler (Alfa Laval Mid Europe).","url":"https:\/\/podlove.brwahl.jetzt\/wordpress\/index.php\/2022\/04\/28\/23-veranderungspromotorinnen\/","author_name":"K\u00dcSTENTALK - zu Gast bei Daniel Friedrich","author_url":"https:\/\/podlove.brwahl.jetzt\/wordpress","thumbnail_url":"https:\/\/podlove.brwahl.jetzt\/wordpress\/wp-content\/uploads\/KustenTalk-3000px.png","html":"<iframe width=\"560px\" height=\"140px\" src=\"https:\/\/podlove.brwahl.jetzt\/wordpress\/index.php\/2022\/04\/28\/23-veranderungspromotorinnen\/?standalonePlayer\"><\/iframe>"}

#23 Veränderungspromotor*innen - Die IG Metall im Betrieb stärken: Über Projekte dazu spricht  IG Metall-Bezirksleiter Daniel Friedrich im neuen Küstentalk mit Lukas Eichelberg (Mercedes Benz Werk Bremen), Maike Rübke (Siemens Gamesa Renewable Energy) und Susanne Hadler (Alfa Laval Mid Europe).

KÜSTENTALK - zu Gast bei Daniel Friedrich
